t w(g) = g + 6. Let l be w(6). What are the prime factors of (7 + -1)*50/l?
5
Suppose -3*b - 20 = 2*b. Let d be 3 + (-432)/b - 2. Suppose 5*g = -4*q + 2*g + 134, -3*q + d = -2*g. List the prime factors of q.
5, 7
Let c(i) = -i**3 + 7*i**2 - 6*i + 2. Let n be c(6). Let s(w) = w**3 - 2*w**2 - 3*w + 5. Let l be s(4). What are the prime factors of n/(-5) + 685/l?
3
Let n(l) = -2*l + 35. Let a be n(-8). Suppose -a*i + 55*i = 176. What are the prime factors of i?
2, 11
Suppose -i - 1671 = -5*p, -5*p + 4*i = -0*p - 1674. List the prime factors of p.
2, 167
Let r be (170/15)/(2/(-6)). Let y = r + 134. What are the prime factors of y?
2, 5
Suppose 0 = 20*j - 243 - 7937. What are the prime factors of j?
409
Let s = -47 + -65. Let q = 158 + s. List the prime factors of q.
2, 23
Let x(u) = u**3 + 14*u**2 + 11*u - 14. Let s be x(-11). Suppose 9*l = 7*l + s. What are the prime factors of l?
2, 3, 19
Let q(d) = d - 7. Let v be q(12). Let j be (4100/(-6))/v*-3. What are the prime factors of 3*-1*j/(-30)?
41
Let s(g) = g**3 + 6*g**2 + 12. Let n be s(-6). Suppose r + n = 5*r. Suppose -6*a + r*a = -36. What are the prime factors of a?
2, 3
Let h(b) = -b**2 + 8*b - 2. Suppose 7*f - 37 - 19 = 0. Let m be h(f). Let j = 31 + m. What are the prime factors of j?
29
Let x(g) = -8*g**3 + 5*g + 3. Let j be x(-3). Suppose -3*c = -6*c + j. List the prime factors of c.
2, 17
Let s(g) = 1. Let h(q) = 2*q + 24. Let p(z) = -h(z) + 8*s(z). Let f be p(-7). What are the prime factors of -24*1*1/f?
2, 3
Suppose 3*q = -15, 2*q = -22*y + 23*y - 368. What are the prime factors of y?
2, 179
What are the prime factors of (-142104)/(-22) - (-9)/(-33)?
3, 2153
Suppose 8*v - 25 = 3*v. Let s(i) = -i**2 + 7*i - 7. Let u be s(v). Suppose b = -3*w + 6*w - 7, 0 = u*w - 12. What are the prime factors of b?
5
Suppose -2725 = -9*y - 196. Suppose -4*o + y = -551. List the prime factors of o.
2, 13
Suppose -10446 = -7*l + 4142. What are the prime factors of l?
2, 521
Let y be 90/(-75)*50/3. What are the prime factors of 1 + (-4)/(y/205)?
2, 3, 7
Let x = -1240 + 1997. List the prime factors of x.
757
Suppose -c - 17 = 153. List the prime factors of (1 + -3)*(4 + c/4).
7, 11
Let t = -293 + 482. List the prime factors of t.
3, 7
Let i(f) = f**2 - 23*f - 121. List the prime factors of i(-37).
2099
Suppose 0 = 14*f - 15*f + 5. Suppose -f*o + 1110 = 5*r, 2*r = -4*o + 146 + 290. List the prime factors of r.
2, 113
Let p = -3292 + 5366. List the prime factors of p.
2, 17, 61
Suppose 2*g + 1 = 5*b + 7, 4*g - 4*b - 12 = 0. Let d = -195 - -294. Suppose -3*x + d = g*k, 4*x - 4*k + 52 = 184. List the prime factors of x.
3, 11
Let j(y) = 48*y**2 + 4*y - 3. What are the prime factors of j(9)?
3, 1307
Let z(r) = r**2 + 5*r - 5. Let c(d) = -3*d**2 - 11*d + 10. Let u(b) = -2*c(b) - 5*z(b). Let t be (-18)/(-4)*16/12. List the prime factors of u(t).
23
Let s(g) = -27*g - 13. Let y(x) = x. Let n(l) = s(l) + 5*y(l). What are the prime factors of n(-2)?
31
List the prime factors of (4/(-8))/((-9)/2376).
2, 3, 11
Suppose 9369 = 1236*v - 1233*v. List the prime factors of v.
3, 347
Let r(o) = 47*o + 216. What are the prime factors of r(28)?
2, 383
Let w(m) = -m**3 - 10*m**2 - 10*m - 6. Let h be w(-9). Suppose b = l - 0*l - 25, h*b + 3 = 0. List the prime factors of l.
2, 3
Let b be 11435/45 - 2 - 2/18. Suppose -46 = -2*g + b. What are the prime factors of g?
149
Let f(i) = -253*i**2 - 12*i - 3. Let j be f(-5). What are the prime factors of (-1)/(-7) + j/(-28)?
2, 7
Suppose -3*w + j = 47, 2*w - 2*j = -2*w - 60. Let v = w - -39. What are the prime factors of v?
2, 11
Let k(x) = -4*x + 20. Let r be k(5). Suppose -5*o + 0*o + 395 = r. What are the prime factors of o?
79
Let v(d) be the third derivative of 9/20*d**5 + 0 - 8*d**2 + 0*d + 0*d**4 + 0*d**3. What are the prime factors of v(-1)?
3
Let v = -196 - -187. Let p be (-78)/(-4) - (-1)/2. Let a = p - v. What are the prime factors of a?
29
Let z = -7 + 7. List the prime factors of (5*14)/(2 + z).
5, 7
Let l = 2 - -23. Suppose 80 = s + l. What are the prime factors of s?
5, 11
Let y = 66 + -34. Let v = y + -22. What are the prime factors of v/40 - (-342)/8?
43
Let w be (7 - 4)/3*1. Suppose -13 = -4*v - w. List the prime factors of (-2 - (-5 + v)) + 11.
11
Suppose -2*p + r = 6*r - 7266, -2*p + 7254 = -r. List the prime factors of p.
2, 907
Let u(g) = -g**3 - 5*g**2 - 139*g + 4. What are the prime factors of u(-13)?
3163
Suppose 88*f - 36*f = 148408. What are the prime factors of f?
2, 1427
Let o = -1006 + 1901. List the prime factors of o.
5, 179
What are the prime factors of (-61598)/(-95) - 6/(-10)?
11, 59
List the prime factors of -3 - (3175/(-10))/((-6)/(-12)).
2, 79
Let k be 18 - ((-8)/(-2) - 1). Let w = 68 + k. List the prime factors of w.
83
Suppose d - m = -0*m - 30, -5*d - m - 162 = 0. Let a be (-108)/(-9)*(5 + 0). Let h = a + d. What are the prime factors of h?
2, 7
Suppose -7*y = -2*y. Let c(j) = 3*j + 7. Let h be c(y). Suppose 0 = h*g - 5*g - 56. List the prime factors of g.
2, 7
Let z(x) = 15*x**2 - 9*x - 1. Let b be z(-11). Suppose -2*o + b = 203. What are the prime factors of (6/(-10))/((-9)/o)?
3, 19
What are the prime factors of -1 + (-4)/2 - (-33 - 12)?
2, 3, 7
Let o(k) = 7*k - 4. Suppose 4*w - 2*h - 30 = -h, -w - 3*h = -14. Let c = w - 4. List the prime factors of o(c).
2, 3
Let y be (-4)/(-8)*24/3. List the prime factors of (18/y)/(3/30).
3, 5
Let o(w) = -w**2 - 6*w + 7. Let l be o(-6). Let m(a) = -7*a - 2 + 3 + 8*a + l*a**2. List the prime factors of m(2).
31
Let t be ((-3)/5)/((-16)/80). What are the prime factors of 207 + 1*(t + -1 - 5)?
2, 3, 17
Let z = -415 - -295. Let r = 22 - z. List the prime factors of r.
2, 71
Suppose 3*r - 4*o - 12 = 0, 5*o + 12 = 5*r - 8. Suppose v + 0*m + m - 80 = 0, -r*v - 2*m + 330 = 0. List the prime factors of v.
5, 17
Let r(t) = -t**3 + 14 + 2*t + 0*t**3 - 6 + 2*t + 9*t**2. Let j be r(9). Suppose j = 7*d - 3*d. List the prime factors of d.
11
Let c = 36 - 20. Let p = -16 + c. Suppose p = -5*i + 146 + 44. List the prime factors of i.
2, 19
Let s be (-20)/(-4) + 1*-1. Suppose y + 4*b + 81 = 6*y, -5*y - s*b + 49 = 0. What are the prime factors of y?
13
Suppose 0 = 4*o + 4*k + 8, o = -0*o - 3*k - 12. Suppose 15 = -o*r + 6*r. Suppose -64 + 4 = -r*q. List the prime factors of q.
2, 3
Suppose 219 = -14*b + 11*b. Let j = b - -111. List the prime factors of j.
2, 19
Suppose 4 = -0*i - i. Let p = i - -6. Suppose -5*s = -3*b + 119, -p*b + 3*s + 79 = -0*b. List the prime factors of b.
2, 19
Let m(g) = g**2 + 5*g + 17. Let t(a) = a + 2. Let j be t(-2). Suppose -3*x - 21 + j = 0. What are the prime factors of m(x)?
31
Suppose 0 = 2*o + 2 + 4, 3 = 3*l - o. Suppose l*k = -6*k + 300. List the prime factors of k.
2, 5
Let n = 11 - -116. What are the prime factors of n?
127
Suppose 5*y - v - 3768 = 0, 0 = -y - 3*y - 3*v + 3003. What are the prime factors of y?
3, 251
Suppose -12976 = -16*v + 3504. List the prime factors of v.
2, 5, 103
Suppose 7*t - 4*t + 12 = -2*m, m + 4*t + 16 = 0. Suppose 11 = x + f, m = 2*x - 3*f - 5 - 2. List the prime factors of 24 - -2*(-4)/x.
23
Suppose 2*c = t + 481, 13*t - 16*t = -c + 248. List the prime factors of c.
239
Suppose 3*z = u + 4*u + 98, 188 = 5*z + 4*u. Let s = -6 + 6. Suppose 3*t + s*t = z. List the prime factors of t.
2, 3
Let v(r) = -14*r**2 + 3*r**2 + 5*r**2 + 1 + 9*r**2. Let p be -2 + (1 - 1)*-1. What are the prime factors of v(p)?
13
Suppose -v - 12 = -4*v. Suppose -4*w + 0*w = v, -2*q = -w - 117. List the prime factors of q.
2, 29
Let r = 14 - 4. Suppose 0*z + 5*z - r = 0. Suppose -z*h = -7*h + 75. List the prime factors of h.
3, 5
Suppose 3*u = -2*g + 4480 - 1533, -3*g + 5*u = -4392. What are the prime factors of g?
13, 113
Let s(o) = -17*o - 82. What are the prime factors of s(-23)?
3, 103
Let a be (-5)/20 + (-153)/12. Let u = 8 + a. List the prime factors of 19/6 - u/(-30).
3
Let v = 70 + 1006. List the prime factors of v.
2, 269
Let j = -1307 + 1869. What are the prime factors of j?
2, 281
Let w(h) = -24*h**2 + 56*h**2 - 31*h**2 + 8 + 12*h. Suppose -4*o - o - 60 = 0. List the prime factors of w(o).
2
Let g(o) = o**3 - 15*o**2 - 10*o - 6. What are the prime factors of g(16)?
2, 3, 5
Let z(i) = -i**2 + i**2 + i**2 + 0*i**2 + 6. List the prime factors of z(-5).
31
Let w(n) = -n**2 + 5*n + 3.